 + 3*t - 1. Let d be 4/(-7 + (-1107)/(-153)). Suppose 0 = d*x - 14*x + 21. Calculate k(x).
3
Let m(z) = -z**3 + 20*z**2 - 37*z + 28. Suppose 0 = -i - 4*p + 42, -4*i - p + 96 = 3*p. Determine m(i).
10
Let h(m) = -2*m + 2. Let d = 96 + -52. Let r = 9 - d. Let n be ((-40)/r)/((-4)/(-14)). Give h(n).
-6
Let f(p) = p**3 - 5*p**2 + 3*p - 7. Let t be (-7 + 9)*(-30)/4. Let a be t/(-2*(-3)/(-6)). Suppose -a = -2*j - j. Calculate f(j).
8
Let b = -45 + 51. Let s be (b/2)/((-3)/(-3)). Let c(z) = 4 + z**s + 4*z + 7*z + 2*z - 12*z + 4*z**2. Give c(-3).
10
Let c(y) = -2*y + 11. Let v be c(4). Let q = 172 + -170. Let a(x) = -x**3 - 2*x**q + 28 + 2*x**2 - 2*x - 32 + 5*x**2. Calculate a(v).
8
Let b be (-15)/(-25) + 87/(-145). Let x(z) be the third derivative of 1/120*z**6 + b*z - 2/3*z**3 + 1/24*z**4 + 1/15*z**5 - 5*z**2 + 0. What is x(-3)?
2
Let u(g) = 29 - 28989*g - 2*g**2 + 19 + 14495*g + 10 + 14499*g. Give u(6).
16
Let b(y) = y**2 + 3*y + 1. Suppose -26*t = -24*t - 10. Suppose 4*m - 5*l - 37 - 14 = 0, l - 42 = -t*m. Suppose -6*q + 12 = -m*q. What is b(q)?
5
Let s(i) be the second derivative of i**4/6 + 10*i**3 - 61*i**2 - 13168*i. Calculate s(2).
6
Let a(y) = -2*y**2 + 48*y + 44. Let j(k) = -k**2 + 47*k + 42. Let r(l) = -3*a(l) + 4*j(l). Let g be r(-21). Let u(i) = 5*i + 5. Determine u(g).
-25
Let h(p) = -1 + 6 + 7*p**2 - p**3 + 4*p - 11*p**2 + 8*p. Let w = 12053 - 12059. Calculate h(w).
5
Let a be 6/(-15) + (-8)/(-5)*-1. Let o be (2 - 2)/a + 18 + -20. Let y(g) = 3 - 3 - 14*g. Calculate y(o).
28
Let w(m) = -2*m - 4 + m**2 + 3*m - 2*m. Suppose -130*u - 1584 = -126*u. Let t = -396 - u. Calculate w(t).
-4
Let z(h) = -21*h - 5*h**2 - 2641151 + 2641177 - 32*h. Calculate z(-11).
4
Let a be (-24)/(-2)*1695/2260. Let i(h) be the first derivative of -h**2/2 + 8*h - 2. Determine i(a).
-1
Let h(r) = -r**3 + r + 1. Suppose -4*l = -6*i + i + 3, 5*i + 13 = -4*l. Let d be h(i). Let t(m) be the first derivative of -17*m**2/2 + 1. Determine t(d).
-17
Let c(z) = 7*z**3 - 3*z**2 - 2*z + 7. Let h(i) = 12*i**3 - 6*i**2 - 3*i + 13. Let d(s) = -5*c(s) + 3*h(s). Calculate d(3).
7
Let h be 7/(35/20) + -2 + -36. Let w = h + 34. Let u(a) = a**2 + 7. Give u(w).
7
Let d(s) be the second derivative of 3/2*s**2 + 32*s - 1/6*s**4 + 0 + 1/3*s**3. Give d(4).
-21
Suppose 2*p - p = 3. Let k(j) = -2*j**3 - j + 2. Let n be k(0). Let h(u) = -u + 1 + 12*u**2 + 5*u**3 - 4*u**p - 11*u**n. Give h(-2).
-1
Let k(p) = -2*p**2 - 2*p. Let n(w) = -w**3 - 17*w**2 - 11*w + 17. Let i(g) = -10*k(g) + n(g). What is i(5)?
12
Let y(b) = -b**3 - b + 7. Let s = 19 + -19. Let w be -6 + s/1 - -3 - -3. What is y(w)?
7
Let u = 34062 + -34091. Let c(d) = -3*d + 11. Give c(u).
98
Let c(w) = -2*w**2 + 129*w - 1. Let a(i) = -i**2 + 145*i - 1. Let m(u) = 8*a(u) - 9*c(u). Let x(p) = -p**3 + 3*p**2 + 4*p + 1. Let b be x(4). Give m(b).
10
Let z(i) = -1. Let p be 31/11 + 16/88. Let r(g) = -3*g + 4. Let d(f) = p*z(f) + r(f). Let y(l) = -287*l - 1151. Let u be y(-4). Calculate d(u).
10
Let j(i) = -5*i**2 + 8*i - 5. Let k(d) = d**2 - 39*d + 143. Let a be k(4). Determine j(a).
-26
Let n(v) = 4*v - 2. Let s be (-4 - -3)*7 - -8. Let u be n(s). Let y(m) = 2*m**3 - 4*m**2 + 3*m - 2. Determine y(u).
4
Let b(v) be the second derivative of -v**5/20 - 7*v**4/12 - 2*v**3/3 + 4*v**2 - 5518*v. Let i = -14 + 8. Determine b(i).
-4
Let q(g) be the third derivative of -g**4/6 + 7*g**3/2 + 35*g**2 - 37. Give q(4).
5
Let v(k) = -15*k**2 - k + 1. Let d(t) = 6*t + 4 + 2 - t**3 - 4*t**2 + 10*t**2. Let x be d(7). Let l be (16/(-4) - -3)*x. Calculate v(l).
-15
Suppose 0 = 2*f - 3*f + 4, -2 = k - 4*f. Let g(p) = -p + 76. Calculate g(k).
62
Let b(o) be the second derivative of -o**7/840 + 13*o**6/360 + o**4/3 + 29*o**3/2 - 47*o. Let g(q) be the second derivative of b(q). What is g(13)?
8
Suppose 0 = -25*q + 27*q - 2. Let f(p) = -364*p - 42. Let c(d) = 43*d + 5. Let t(o) = 42*c(o) + 5*f(o). What is t(q)?
-14
Suppose -4*b = 5*f - 120, 3*b - 130 = -5*f + b. Let y(o) = 6*o - o - 4*o - f + 18. Suppose 4*h - 4*x = 24, 4*h + x - 33 = 2*x. What is y(h)?
-1
Let h(k) = 579*k - 290*k + 8 - 282*k. What is h(-1)?
1
Let t(d) be the third derivative of d**5/60 + 7*d**4/12 - 5*d**3 + 34*d**2 + 17*d. What is t(-16)?
2
Let s(x) = -21*x - 72. Let m(v) = -3*v - 10. Let w(t) = 15*m(t) - 2*s(t). Determine w(-1).
-3
Let h = -5 - -7. Let m(b) = -16*b**3 + 8*b**2 + b. Let k(t) = 15*t**3 - 5*t**2 - 1. Let r(y) = -k(y) - m(y). Give r(h).
-5
Let v(r) = r**3 + 7*r**2 - 3*r - 11. Let n be v(-7). Let l(q) = -9*q + 36*q - 20*q - n - q**2. What is l(7)?
-10
Let j(m) be the second derivative of m**4/6 + 3*m**3/2 - 6*m**2 - 172*m - 1. Determine j(-6).
6
Let f(j) be the first derivative of j**4/4 + 13*j**3/3 + 11*j**2 + 5*j + 1290. Suppose -5*r - 2*z - 63 = 0, 3*r - 2*r = -5*z - 31. Give f(r).
5
Suppose -5*g = 10, -g + 0 = 5*n - 53. Suppose -2*x + n = -3. Let o(b) = -12 + 0*b + 2*b + x*b + 13*b**2 - 14*b**2. What is o(8)?
-4
Let n(i) = -i**2 + i + 10. Let t(x) = -x + 6. Suppose 0*u + 5*u - 10 = 0, 2*r - 16 = u. Let s be t(r). Let f be n(s). Let a(v) = v**2 + v. Determine a(f).
2
Let u(v) = -181*v**3 - 41*v + 2 + 42*v - 2*v**2 + 178*v**3. Let d be 2*(-25)/(-10) - 2. Suppose 2*p + 4 = -b, 5*p + 0*p = b - d. Give u(b).
16
Let k(d) = -d + 6. Let c = -12 + 11. Let i(b) = -2. Let n(l) = -36*l - 401. Let g be n(-11). Let h(t) = c*k(t) + g*i(t). Calculate h(-7).
-3
Let s = -11 - -19. Let o(r) = -6466 + 3242 + 3228 + 4*r. Determine o(s).
36
Let k = 23 - 14. Let c(w) = -15 - w + 100 - 31 - 23 - 19. Calculate c(k).
3
Let d(b) = -23*b + 273 + 262 + 7*b - 477. Calculate d(3).
10
Suppose 0 = -3*m - 3*m. Let f(i) = -i**3 + i**2 + i + 4. Let b be f(m). Let u(n) = -b*n - 5*n**2 + 3*n**2 - 4*n**2 + 2*n + n**3 + 8. Calculate u(6).
-4
Let c = 11 + -8. Let p(a) = -20*a - 2. Let g(m) = -97*m - 13. Let z(j) = 2*g(j) - 10*p(j). What is z(c)?
12
Let a(c) = c - 5*c**2 + 269 - 273 + 12*c**2. Let y(l) = 2*l**2 + 3*l + 1. Let f(v) = a(v) - 3*y(v). Determine f(7).
-14
Let m(n) = -n**2 + 21*n - 9. Let r be m(7). Let i(w) = -8*w + r + 99 - 184. What is i(3)?
-20
Let a(z) = 5*z - 1. Let p(o) = -2*o - 2. Let x be p(-3). Let q(t) = 11*t - 1. Let r(j) = x*q(j) - 9*a(j). Let y be ((-176)/(-12))/4 + (-8)/(-24). What is r(y)?
1
Suppose -101*x + 99*x = 2. Let l(i) be the second derivative of i**8/1120 + i**6/720 + i**4/3 - 7*i. Let h(s) be the third derivative of l(s). Calculate h(x).
-7
Let w(g) = -8*g**2 + 6*g - 164. Let s(h) = 10*h**2 - 6*h + 165. Let k(t) = 3*s(t) + 4*w(t). Let c(q) be the first derivative of k(q). Determine c(6).
-18
Let o(q) = 27*q**3 + 2*q - 5. Let r(d) = 22*d**3 + d - 4. Let u(w) = -3*o(w) + 4*r(w). Give u(2).
51
Let p = 30049 - 30067. Let t(o) = o**2 + 15*o - 21. Give t(p).
33
Let j(m) be the second derivative of 0 - 1/12*m**4 - 7/2*m**2 - 4/3*m**3 + m. Let l(d) = 3*d**2 - 22*d - 50. Let b be l(9). Give j(b).
8
Let r be -10 - -17 - (1 - 2/1). Let t(p) = 2*p + r*p - 2 - 13*p. Calculate t(-2).
4
Let p(v) = -v**3 + 22*v**2 + 50*v - 48. Suppose 2*n - 29 = -5*m + 87, 2*n + 52 = 2*m. Let r be p(m). Let d(o) = -o - 3 + 7 + 0*o. What is d(r)?
4
Let c(o) = -o - 1. Suppose -5*j = 5*s - 10, s - 12 = -4*j + 5. Let m be c(s). Let g(f) = -2 - 19*f + 9*f - f**m + 16*f. Determine g(4).
6
Let i(a) be the third derivative of 1/24*a**4 + 0*a + 3 + 5*a**2 + 2/3*a**3. Calculate i(0).
4
Let o(b) = -16*b + 64. Let c be o(4). Let v(q) = -q**3 + c*q**2 + 5*q**2 + 4 - 1 + 2*q**3. Determine v(-5).
3
Let d(y) be the third derivative of y**5/15 - 16689*y**2. Suppose 0 = -p + 3*z + 2, 0 = -3*p - 3*z + 5*z - 1. Calculate d(p).
4
Let f(t) = 18*t**3 - 6 + 10*t**2 - 8 - 33*t**3 + 9*t + 16*t**3. Calculate f(-6).
76
Let r be (-9 - -6)*(-120)/36. Let y(j) = j + 2. Let m be y(0). Let a be (m + r/(-4))*0. Let l(t) = -t**3 - t**2 - t + 17. What is l(a)?
17
Let t(i) be the third derivative of -1/6*i**4 - 2*i + 0 + 1/120*i**6 + 1/2*i**3 + 1/30*i**5 + 43*i**2. Let p = -3 + -1. Give t(p).
-13
Let v(k) = k + 12. Let u be (-24)/(-4) - ((-44)/6 + (-26)/39). Calculate v(u).
26
Let g(a) = 4*a**2 + 68*a - 49. Let u be g(-18). Let v(w) = w**3 - 23*w**2 + 3*w - 51. Calculate v(u).
18
Suppose 0 = 12*j - 7*j - 10. Let w(d) = -10 + 0 + 7*d**2 - 6*d**2 + 13*d - j. Calculate w(-14).
2
Let i = 27 - 59. Let d = -20 - i. Let z(v) = 15*v**2 + 14 + 17*v**2 + 